se
Is 497883 composite?
True
Is 141262703 a composite number?
True
Is 147332651 a composite number?
False
Is 185150803 prime?
True
Is 11716613 composite?
False
Is 5927011 a composite number?
True
Is 368262493 prime?
False
Is 2843447 prime?
False
Is 3456851 prime?
False
Is 1509841 composite?
False
Is 3687083 a prime number?
False
Is 1900667 a composite number?
False
Is 50807066 a composite number?
True
Is 31279933 composite?
False
Is 28924323 composite?
True
Is 619393739 a prime number?
True
Is 5094317 composite?
True
Is 59402237 a composite number?
True
Is 231982003 a prime number?
False
Is 638453 a prime number?
True
Is 5078449 a composite number?
False
Is 9077039 a prime number?
False
Is 1346377559 a composite number?
True
Is 3535151 a prime number?
False
Is 523834 a composite number?
True
Is 15768539 composite?
True
Is 12917599 prime?
True
Is 955361033 prime?
False
Is 575969 composite?
True
Is 8564527 a composite number?
False
Is 4415603 prime?
False
Is 4192807 composite?
True
Is 11356985 a prime number?
False
Is 130199 a prime number?
True
Is 2087711 a prime number?
True
Is 120582831 a prime number?
False
Is 609673 prime?
True
Is 153724199 a composite number?
False
Is 80887 a composite number?
True
Is 18973291 prime?
True
Is 5623727 a prime number?
True
Is 48795433 composite?
False
Is 11789297 a composite number?
True
Is 13791149 composite?
False
Is 7078823 composite?
False
Is 76559771 a prime number?
False
Is 4960391 a composite number?
False
Is 86995667 composite?
True
Is 262584059 a prime number?
True
Is 165955459 composite?
False
Is 55397753 a prime number?
False
Is 886373 composite?
True
Is 3689459 a composite number?
True
Is 199819 prime?
True
Is 198840511 prime?
True
Is 151173049 a prime number?
False
Is 66832022 a prime number?
False
Is 5948539 composite?
True
Is 358841 a composite number?
True
Is 290870237 a composite number?
True
Is 12550357 prime?
True
Is 194906 prime?
False
Is 75113357 a prime number?
False
Is 35913961 a composite number?
True
Is 217679723 prime?
True
Is 68971702 a prime number?
False
Is 30605 a composite number?
True
Is 198454873 a composite number?
True
Is 2901461 composite?
True
Is 17090218 a composite number?
True
Is 1418345 a composite number?
True
Is 30234209 composite?
False
Is 125689821 prime?
False
Is 14389279 a composite number?
False
Is 58262023 prime?
True
Is 6219091 prime?
True
Is 206879663 composite?
False
Is 12659455 a prime number?
False
Is 631465733 a prime number?
False
Is 21657199 a composite number?
False
Is 290973589 a composite number?
False
Is 44622481 composite?
True
Is 4924061 a prime number?
True
Is 1655387 composite?
True
Is 456949 composite?
False
Is 42941611 a prime number?
True
Is 14169802 a prime number?
False
Is 76085569 prime?
False
Is 6291053 composite?
True
Is 20007107 composite?
False
Is 2300239 composite?
False
Is 3415831 composite?
False
Is 384853081 composite?
False
Is 31887181 a composite number?
False
Is 3591839 a prime number?
True
Is 32921023 a composite number?
False
Is 29858863 prime?
True
Is 13947619 a prime number?
False
Is 7025411 composite?
True
Is 79071373 a prime number?
True
Is 3427681 composite?
True
Is 318233 a prime number?
True
Is 32144933 composite?
False
Is 1931091 a composite number?
True
Is 31746977 a composite number?
False
Is 47776537 a composite number?
False
Is 10380361 a prime number?
True
Is 198289999 a composite number?
False
Is 280860773 a prime number?
False
Is 3606541 prime?
True
Is 19280143 a composite number?
True
Is 4934747 composite?
False
Is 10288393 a prime number?
True
Is 5587397 a composite number?
False
Is 1542301 prime?
False
Is 3719095 composite?
True
Is 4660289 a composite number?
True
Is 529471 a composite number?
False
Is 122956721 prime?
True
Is 39813061 prime?
True
Is 527623 prime?
True
Is 39469 a prime number?
False
Is 687223 a prime number?
True
Is 4562233 a composite number?
True
Is 2934413 a prime number?
False
Is 152645 a composite number?
True
Is 5885057 prime?
False
Is 3912505 a composite number?
True
Is 545913289 a composite number?
False
Is 1226959 a prime number?
True
Is 41862287 prime?
False
Is 346901 composite?
True
Is 2173117 composite?
True
Is 4149179 prime?
True
Is 1620485 a prime number?
False
Is 111653 a prime number?
True
Is 5147 a prime number?
True
Is 6263641 a composite number?
False
Is 29360437 a composite number?
True
Is 3841217 a composite number?
True
Is 190687165 a prime number?
False
Is 2589397 a prime number?
True
Is 1119029 a composite number?
False
Is 4358373 a prime number?
False
Is 287921 a prime number?
True
Is 1027087 prime?
False
Is 24625765 a composite number?
True
Is 7996463 prime?
True
Is 416332715 composite?
True
Is 397643 a composite number?
False
Is 14068597 prime?
True
Is 263860903 prime?
True
Is 1773899 composite?
True
Is 46471411 composite?
True
Is 2866009 prime?
False
Is 12589651 prime?
True
Is 12659219 prime?
True
Is 2066387 prime?
False
Is 12231539 a prime number?
True
Is 3685939 prime?
False
Is 2553571 composite?
True
Is 906673 a composite number?
False
Is 65539 a composite number?
False
Is 174813819 a composite number?
True
Is 11810809 a prime number?
False
Is 39413653 a composite number?
True
Is 82636247 a composite number?
True
Is 24380701 prime?
True
Is 460871 prime?
True
Is 127059911 composite?
True
Is 5684843 a prime number?
False
Is 4770851 a prime number?
True
Is 3628679 composite?
False
Is 128265829 a prime number?
True
Is 3734803 composite?
True
Is 3846799 composite?
True
Is 110800999 a composite number?
False
Is 138340313 a prime number?
True
Is 5096029 composite?
False
Is 3715363 a composite number?
False
Is 1411241 prime?
False
Is 24902089 a composite number?
False
Is 20500153 a prime number?
False
Is 70554179 prime?
False
Is 62359901 prime?
True
Is 25132213 composite?
True
Is 10228277 composite?
False
Is 12256333 composite?
True
Is 30752671 composite?
False
Is 76502953 a composite number?
True
Is 37755787 a composite number?
True
Is 160322069 composite?
False
Is 349279913 a composite number?
False
Is 3985063 prime?
True
Is 3225997 prime?
False
Is 49863109 prime?
True
Is 2096621 prime?
True
Is 39667813 composite?
False
Is 63539513 composite?
False
Is 115555481 a composite number?
True
Is 294629 composite?
False
Is 942056681 a prime number?
False
Is 95678899 prime?
True
Is 133668677 composite?
False
Is 78107 a prime number?
False
Is 285962407 a composite number?
True
Is 65363971 a composite number?
True
Is 82659505 a composite number?
True
Is 418493 composite?
False
Is 69392747 composite?
False
Is 153596627 prime?
False
Is 169584901 a composite number?
True
Is 502693201 a composite number?
False
Is 1206293 a composite number?
True
Is 97336979 composite?
False
Is 593207 composite?
False
Is 13591117 prime?
True
Is 56994917 composite?
True
Is 1931102 composite?
True
Is 104114107 a prime number?
True
Is 99690121 a composite number?
True
Is 16794403 a prime number?
True
Is 31166149 a prime number?
False
Is 15041339 prime?
True
Is 29063153 a prime number?
False
Is 498863 a composite number?
True
Is 75373895 a composite number?
True
Is 6243179 prime?
False
Is 309229 composite?
True
Is 7319953 prime?
False
Is 17930093 prime?
True
Is 40632209 composite?
False
Is 68827829 a composite number?
True
Is 499741819 a composite number?
True
Is 22218223 a composite number?
False
Is 6451579 a prime number?
False
Is 7973347 prime?
False
Is 13245283 a composite number?
True
Is 348170099 prime?
False
Is 2492159 composite?
False
Is 41308363 prime?
False
Is 2897247 prime?
False
Is 60933706 a prime number?
False
Is 12279077 composite?
True
Is 323598589 composite?
True
Is 3045271 prime?
False
Is 2829899 a prime number?
True
Is 30274291 a composite number?
False
Is 8366851 prime?
True
Is 8500399 prime?
True
Is 13290647 a prime number?
True
Is 1702979 composite?
True
Is 198277003 a composite number?
False
Is 5084867 composite?
False
Is 119214443 a composite number?
False
Is 170441 a composite number?
False
Is 9445187 a prime number?
True
Is 79657129 prime?
False
Is 1765769 a prime number?
True
Is 7205743 a composite number?
False
Is 152762557 a prime number?
True
Is 2266679 a composite number?
False
Is 300740381 prime?
True
Is 2163313 composite?
True
Is 60730249 prime?
True
Is 19874663 comp